e the highest common factor of 5365 and 2755.
145
What is the greatest common divisor of 960 and 75?
15
Calculate the highest common divisor of 16 and 2672.
16
Calculate the greatest common divisor of 17 and 4301.
17
Calculate the highest common divisor of 1725 and 230.
115
Calculate the greatest common divisor of 77 and 33.
11
What is the highest common divisor of 1898 and 208?
26
Calculate the greatest common factor of 15 and 515.
5
Calculate the highest common divisor of 2814 and 871.
67
What is the highest common divisor of 336 and 182?
14
What is the greatest common divisor of 7568 and 44?
44
What is the highest common factor of 8 and 542?
2
What is the highest common divisor of 1331 and 11?
11
Calculate the greatest common factor of 5450 and 200.
50
Calculate the highest common divisor of 60 and 18.
6
What is the highest common divisor of 49 and 2009?
49
What is the highest common divisor of 21 and 56?
7
Calculate the highest common divisor of 5 and 235.
5
What is the highest common divisor of 24 and 1784?
8
Calculate the greatest common factor of 11 and 583.
11
What is the greatest common divisor of 1248 and 507?
39
What is the greatest common divisor of 341 and 1859?
11
Calculate the greatest common factor of 14 and 2786.
14
Calculate the greatest common factor of 1179 and 131.
131
Calculate the highest common factor of 40 and 2840.
40
What is the highest common divisor of 207 and 483?
69
Calculate the greatest common divisor of 25 and 80.
5
What is the greatest common divisor of 34 and 5474?
34
What is the highest common factor of 6363 and 315?
63
Calculate the greatest common factor of 41 and 2255.
41
What is the greatest common factor of 78 and 8710?
26
Calculate the greatest common factor of 390 and 120.
30
Calculate the highest common factor of 1496 and 44.
44
Calculate the greatest common factor of 84 and 4326.
42
Calculate the highest common factor of 48 and 256.
16
What is the greatest common factor of 88 and 16973?
11
Calculate the greatest common factor of 105 and 2555.
35
Calculate the greatest common divisor of 6 and 123.
3
Calculate the highest common divisor of 29 and 377.
29
What is the highest common factor of 640 and 45?
5
Calculate the highest common factor of 91 and 819.
91
Calculate the highest common divisor of 1350 and 3950.
50
Calculate the greatest common factor of 36 and 1068.
12
Calculate the highest common divisor of 12886 and 34.
34
What is the highest common factor of 273 and 1848?
21
What is the highest common factor of 817 and 2150?
43
Calculate the highest common factor of 44 and 1188.
44
Calculate the highest common factor of 85 and 1445.
85
Calculate the greatest common factor of 10075 and 62.
31
What is the highest common divisor of 17 and 5?
1
Calculate the highest common divisor of 6313 and 118.
59
Calculate the highest common factor of 27750 and 50.
50
Calculate the greatest common factor of 9061 and 34.
17
What is the greatest common divisor of 1118 and 172?
86
What is the greatest common divisor of 98 and 98?
98
What is the highest common factor of 52 and 403?
13
Calculate the highest common factor of 413 and 287.
7
Calculate the highest common divisor of 192 and 80.
16
What is the greatest common factor of 7722 and 77?
11
What is the highest common factor of 11 and 165?
11
What is the greatest common factor of 8 and 2588?
4
Calculate the highest common divisor of 204 and 6630.
102
Calculate the highest common factor of 56 and 808.
8
Calculate the highest common divisor of 583 and 495.
11
Calculate the greatest common factor of 50 and 380.
10
What is the highest common factor of 30 and 1695?
15
Calculate the greatest common factor of 6058 and 39.
13
Calculate the highest common factor of 8 and 12.
4
Calculate the greatest common factor of 85 and 272.
17
Calculate the highest common divisor of 764 and 4.
4
What is the highest common divisor of 14443 and 303?
101
Calculate the highest common factor of 480 and 864.
96
What is the greatest common divisor of 33 and 264?
33
Calculate the greatest common divisor of 128 and 28.
4
What is the highest common factor of 27 and 432?
27
What is the highest common factor of 50 and 3350?
50
What is the greatest common factor of 350 and 14175?
175
What is the highest common divisor of 6 and 566?
2
What is the greatest common factor of 4 and 13?
1
Calculate the greatest common factor of 756 and 54.
54
Calculate the highest common factor of 1770 and 60.
30
What is the greatest common factor of 3388 and 28?
28
What is the highest common factor of 3082 and 268?
134
What is the greatest common factor of 24 and 1620?
12
Calculate the highest common factor of 133 and 6973.
19
Calculate the highest common divisor of 1519 and 62.
31
Calculate the highest common factor of 1166 and 66.
22
Calculate the greatest common divisor of 88 and 24.
8
What is the highest common divisor of 48 and 12?
12
What is the highest common divisor of 5183 and 1387?
73
What is the greatest common divisor of 512 and 288?
32
What is the highest common divisor of 4304 and 16?
16
What is the greatest common divisor of 30 and 30?
30
What is the highest common divisor of 253 and 99?
11
Calculate the highest common divisor of 136 and 51.
17
What is the highest common divisor of 126 and 63?
63
What is the highest common divisor of 87 and 8033?
29
What is the highest common factor of 1748 and 460?
92
What is the greatest common divisor of 11205 and 270?
135
Calculate the greatest common factor of 16 and 304.
16
Calculate the greatest common factor of 127 and 2032.
127
What is the greatest common factor of 12 and 42?
6
Calculate the highest common divisor of 6 and 1134.
6
What is the highest common divisor of 88 and 27082?
22
Calculate the highest common divisor of 980 and 2870.
70
What is the highest common factor of 5830 and 143?
11
Calculate the greatest common divisor of 30 and 165.
15
Calculate the highest common divisor of 99 and 22.
11
Calculate the highest common divisor of 3150 and 30.
30
What is the highest common divisor of 301 and 16985?
43
Calculate the highest common factor of 2198 and 28.
14
Calculate the greatest common factor of 39 and 26.
13
Calculate the highest common factor of 185 and 518.
37
Calculate the greatest common factor of 30 and 750.
30
What is the highest common divisor of 361 and 1843?
19
What is the greatest common divisor of 100 and 35500?
100
What is the greatest common divisor of 1584 and 126?
18
What is the greatest common divisor of 12 and 42?
6
Calculate the highest common divisor of 444 and 24.
12
What is the highest common divisor of 7 and 14?
7
What is the greatest common factor of 22 and 275?
11
Calculate the highest common divisor of 325 and 2405.
65
Calculate the greatest common factor of 182 and 78.
26
What is the highest common factor of 58 and 319?
29
What is the greatest common factor of 119 and 4046?
119
Calculate the greatest common divisor of 519 and 692.
173
Calculate the highest common factor of 165 and 5544.
33
What is the highest common factor of 2645 and 460?
115
What is the greatest common divisor of 44 and 44?
44
What is the greatest common divisor of 104 and 488?
8
Calculate the highest common factor of 216 and 16.
8
What is the greatest common factor of 7189 and 91?
91
Calculate the highest common factor of 52 and 143.
13
What is the greatest common divisor of 390 and 702?
78
What is the greatest common factor of 684 and 2888?
76
Calculate the greatest common divisor of 459 and 204.
51
What is the greatest common divisor of 15 and 5145?
15
Calculate the highest common factor of 151 and 1661.
151
What is the highest common divisor of 4508 and 7?
7
What is the greatest common factor of 87 and 2668?
29
What is the greatest common factor of 84 and 46?
2
What is the greatest common divisor of 10 and 20?
10
Calculate the highest common divisor of 11 and 10109.
11
Calculate the highest common factor of 144 and 2196.
36
Calculate the greatest common divisor of 29 and 348.
29
Calculate the greatest common factor of 20 and 36.
4
Calculate the highest common factor of 9684 and 18.
18
Calculate the greatest common factor of 384 and 2592.
96
What is the highest common divisor of 228 and 12?
12
What is the highest common divisor of 138 and 3726?
138
Cal